{"id":55,"date":"2025-10-04T05:08:27","date_gmt":"2025-10-04T05:08:27","guid":{"rendered":"https:\/\/imanconsulting.fi\/?page_id=55"},"modified":"2025-10-04T14:19:43","modified_gmt":"2025-10-04T14:19:43","slug":"yhteystiedot","status":"publish","type":"page","link":"https:\/\/imanconsulting.fi\/?page_id=55","title":{"rendered":"Yhteystiedot"},"content":{"rendered":"\n<div class=\"wp-block-group alignfull has-white-background-color has-background is-layout-constrained wp-block-group-is-layout-constrained\" style=\"padding-top:7rem;padding-bottom:7rem\">\n<p class=\"has-text-align-center has-black-color has-text-color has-link-color wp-elements-13476000fe733e5425627c910b7416d4\" style=\"margin-bottom:20px;font-style:normal;font-weight:500\">I am going to N<\/p>\n\n\n\n<h1 class=\"wp-block-heading has-text-align-center has-black-color has-text-color has-link-color has-xx-large-font-size wp-elements-aeb75493886f473962c495650042f992\" style=\"margin-top:0;font-style:normal;font-weight:800;line-height:1.2\">Ota yhteytt\u00e4!<\/h1>\n\n\n\n<p class=\"has-text-align-center has-black-color has-text-color has-link-color wp-elements-1702b8195db555fc5b6005ed06cacf6c\" style=\"margin-bottom:var(--wp--preset--spacing--80)\">Ideoita on paljon. Tekeminen ratkaisee. T\u00e4rkeint\u00e4 on l\u00e4hte\u00e4 liikkeelle.<\/p>\n\n\n\n<div class=\"wp-block-columns is-layout-flex wp-container-core-columns-is-layout-2709eace wp-block-columns-is-layout-flex\">\n<div class=\"wp-block-column has-border-color is-layout-flow wp-block-column-is-layout-flow\" style=\"border-color:#0000001f;border-style:solid;border-width:2px;border-radius:20px;padding-top:30px;padding-right:30px;padding-bottom:30px;padding-left:30px\">\n<div class=\"wp-block-group is-content-justification-center is-nowrap is-layout-flex wp-container-core-group-is-layout-faecc223 wp-block-group-is-layout-flex\" style=\"margin-bottom:50px\">\n<figure class=\"wp-block-image size-full is-resized has-custom-border\"><img loading=\"lazy\" decoding=\"async\" width=\"280\" height=\"208\" src=\"https:\/\/imanconsulting.fi\/wp-content\/uploads\/2025\/10\/ville.jpg\" alt=\"\" class=\"wp-image-109\" style=\"border-radius:100%;width:150px\"\/><\/figure>\n<\/div>\n\n\n\n<h2 class=\"wp-block-heading has-text-align-center has-black-color has-text-color has-link-color has-medium-font-size wp-elements-9eb735afc0076cb7d20051c2e5781722\" style=\"margin-top:0px\">Ville Lehtinen<\/h2>\n\n\n\n<p class=\"has-text-align-center has-text-color has-link-color wp-elements-7322cd8450cd07d491f115c6bbd29cfd\" style=\"color:#000000a8;margin-bottom:30px\">Digiosaaja ja innovaattori joka innostuu asioista ja sen j\u00e4lkeen yritt\u00e4\u00e4 selviyty\u00e4 niist\u00e4. Suhtautuen kehitt\u00e4miseen suurella intohimolla.<\/p>\n\n\n\n<p>ville.lehtinen@imanconsulting.fi<br>044 2625 867<\/p>\n\n\n\n<div class=\"wp-block-buttons is-vertical is-layout-flex wp-container-core-buttons-is-layout-fba7bc4b wp-block-buttons-is-layout-flex\"><\/div>\n<\/div>\n\n\n\n<div class=\"wp-block-column has-border-color is-layout-flow wp-block-column-is-layout-flow\" style=\"border-color:#0000001f;border-style:solid;border-width:2px;border-radius:20px;padding-top:30px;padding-right:30px;padding-bottom:30px;padding-left:30px\">\n<div class=\"wp-block-group is-content-justification-center is-nowrap is-layout-flex wp-container-core-group-is-layout-faecc223 wp-block-group-is-layout-flex\" style=\"margin-bottom:50px\">\n<h1 class=\"wp-block-heading\">ImaN Consulting Oy<\/h1>\n<\/div>\n\n\n\n<p>y-tunnus: 3559691-6<br>SUOMI, KALAJOKI<br><br>Verkkolaskuosoite: 003735596916<br>Operaattori: Maventa<\/p>\n<\/div>\n<\/div>\n\n\n\n<p><\/p>\n<\/div>\n","protected":false},"excerpt":{"rendered":"<p>I am going to N Ota yhteytt\u00e4! Ideoita on paljon. Tekeminen ratkaisee. T\u00e4rkeint\u00e4 on l\u00e4hte\u00e4 liikkeelle. Ville Lehtinen Digiosaaja ja innovaattori joka innostuu asioista ja sen j\u00e4lkeen yritt\u00e4\u00e4 selviyty\u00e4 niist\u00e4. Suhtautuen kehitt\u00e4miseen suurella intohimolla. ville.lehtinen@imanconsulting.fi044 2625 867 ImaN Consulting Oy y-tunnus: 3559691-6SUOMI, KALAJOKI Verkkolaskuosoite: 003735596916Operaattori: Maventa<\/p>\n","protected":false},"author":1,"featured_media":0,"parent":0,"menu_order":0,"comment_status":"closed","ping_status":"closed","template":"","meta":{"footnotes":""},"class_list":["post-55","page","type-page","status-publish","hentry"],"blocksy_meta":[],"_links":{"self":[{"href":"https:\/\/imanconsulting.fi\/index.php?rest_route=\/wp\/v2\/pages\/55","targetHints":{"allow":["GET"]}}],"collection":[{"href":"https:\/\/imanconsulting.fi\/index.php?rest_route=\/wp\/v2\/pages"}],"about":[{"href":"https:\/\/imanconsulting.fi\/index.php?rest_route=\/wp\/v2\/types\/page"}],"author":[{"embeddable":true,"href":"https:\/\/imanconsulting.fi\/index.php?rest_route=\/wp\/v2\/users\/1"}],"replies":[{"embeddable":true,"href":"https:\/\/imanconsulting.fi\/index.php?rest_route=%2Fwp%2Fv2%2Fcomments&post=55"}],"version-history":[{"count":12,"href":"https:\/\/imanconsulting.fi\/index.php?rest_route=\/wp\/v2\/pages\/55\/revisions"}],"predecessor-version":[{"id":167,"href":"https:\/\/imanconsulting.fi\/index.php?rest_route=\/wp\/v2\/pages\/55\/revisions\/167"}],"wp:attachment":[{"href":"https:\/\/imanconsulting.fi\/index.php?rest_route=%2Fwp%2Fv2%2Fmedia&parent=55"}],"curies":[{"name":"wp","href":"https:\/\/api.w.org\/{rel}","templated":true}]}}