{"id":53,"date":"2025-10-04T05:08:09","date_gmt":"2025-10-04T05:08:09","guid":{"rendered":"https:\/\/imanconsulting.fi\/?page_id=53"},"modified":"2025-10-05T05:54:01","modified_gmt":"2025-10-05T05:54:01","slug":"iman-2","status":"publish","type":"page","link":"https:\/\/imanconsulting.fi\/?page_id=53","title":{"rendered":"ImaN"},"content":{"rendered":"\n<p><strong>Ima <\/strong>on brittislangia ja tarkoittaa <strong>I am going to<\/strong> &#8211; eli <strong>min\u00e4 aion<\/strong>.<\/p>\n\n\n\n<p> Kun siihen lis\u00e4t\u00e4\u00e4n matemaattinen muuttuja <strong>N<\/strong>, syntyy jatkuvan kehitt\u00e4misen asenne: aina on seuraava N, seuraava parannus, seuraava kokeilu. T\u00e4t\u00e4 kutsua kehitt\u00e4miseen edustaa ImaN Consulting.<\/p>\n\n\n\n<h3 class=\"wp-block-heading\">Missio<\/h3>\n\n\n\n<p>Auttaa organisaatioita keksim\u00e4\u00e4n uutta ja viem\u00e4\u00e4n ideat todellisuuteen \u2013 j\u00e4rjestelmiksi, palveluiksi ja tuloksiksi.<\/p>\n\n\n\n<hr class=\"wp-block-separator has-alpha-channel-opacity\"\/>\n\n\n\n<h3 class=\"wp-block-heading\">N\u00e4kemys<\/h3>\n\n\n\n<p><strong>T\u00e4rkeint\u00e4 on liike.<\/strong> Suunnitelmat eiv\u00e4t viel\u00e4 kehit\u00e4 \u2014 ensimm\u00e4inen askel kehitt\u00e4\u00e4. Uskomme, ett\u00e4 innovaatio syntyy vasta, kun idea elet\u00e4\u00e4n todeksi asiakkaiden arjessa. Siksi viemme ideat nopeasti kokeiluihin, opimme datasta ja skaalamme sen, mik\u00e4 toimii.<\/p>\n\n\n\n<p><strong>Arvolupaus<\/strong>: Jotta liikkeelle uskalletaan l\u00e4hte\u00e4, ImaN liiketoiminta konseptoidaan ja toteutetaan siten, ett\u00e4 <strong>asiakassuhteen aloitukselle on aina 100% tyytyv\u00e4isyystakuu.<\/strong><\/p>\n\n\n\n<hr class=\"wp-block-separator has-alpha-channel-opacity\"\/>\n\n\n\n<p><strong>Yhteinen kieli tekee kehitt\u00e4misest\u00e4 mahdollista.<\/strong> Kun sanat, k\u00e4sitteet ja tavoitteet tarkoittavat kaikille samaa, v\u00e4\u00e4rinymm\u00e4rrys ei en\u00e4\u00e4 ohjaa p\u00e4\u00e4t\u00f6ksi\u00e4. Yhteinen ymm\u00e4rrys kohdistaa huomion oleelliseen, lyhent\u00e4\u00e4 matkan ensimm\u00e4iseen askeleeseen ja varmistaa, ett\u00e4 liike vie meit\u00e4 samaan suuntaan.<\/p>\n\n\n\n<hr class=\"wp-block-separator has-alpha-channel-opacity\"\/>\n\n\n\n<h3 class=\"wp-block-heading\">Tapa toimia<\/h3>\n\n\n\n<ul class=\"wp-block-list\">\n<li><strong>Keksi \u2192 Testaa \u2192 Skaalaa.<\/strong> Pienet kokeilut ennen isoja investointeja.<\/li>\n\n\n\n<li><strong>Tietoon nojaava muotoilu.<\/strong> Yhdist\u00e4mme asiakasymm\u00e4rryksen, datan ja muotoilun.<\/li>\n\n\n\n<li><strong>Teknologia tarkoituksen mukaan.<\/strong> Valitaan vain ratkaisut, jotka viev\u00e4t eteenp\u00e4in.<\/li>\n\n\n\n<li><strong>Yhteiskehitt\u00e4minen.<\/strong> Asiakas on tiimin j\u00e4sen, ei tilaaja.<\/li>\n\n\n\n<li><strong>Mitattava hy\u00f6ty.<\/strong> Kehitt\u00e4minen on totta vasta, kun vaikutus n\u00e4kyy arjessa ja numeroissa.<\/li>\n<\/ul>\n\n\n\n<hr class=\"wp-block-separator has-alpha-channel-opacity\"\/>\n\n\n\n<p><strong>Min\u00e4 aion N.<\/strong><\/p>\n","protected":false},"excerpt":{"rendered":"<p>Ima on brittislangia ja tarkoittaa I am going to &#8211; eli min\u00e4 aion. Kun siihen lis\u00e4t\u00e4\u00e4n matemaattinen muuttuja N, syntyy jatkuvan kehitt\u00e4misen asenne: aina on seuraava N, seuraava parannus, seuraava kokeilu. T\u00e4t\u00e4 kutsua kehitt\u00e4miseen edustaa ImaN Consulting. Missio Auttaa organisaatioita keksim\u00e4\u00e4n uutta ja viem\u00e4\u00e4n ideat todellisuuteen \u2013 j\u00e4rjestelmiksi, palveluiksi ja tuloksiksi. N\u00e4kemys T\u00e4rkeint\u00e4 on liike. [&hellip;]<\/p>\n","protected":false},"author":1,"featured_media":0,"parent":0,"menu_order":0,"comment_status":"closed","ping_status":"closed","template":"","meta":{"footnotes":""},"class_list":["post-53","page","type-page","status-publish","hentry"],"blocksy_meta":[],"_links":{"self":[{"href":"https:\/\/imanconsulting.fi\/index.php?rest_route=\/wp\/v2\/pages\/53","targetHints":{"allow":["GET"]}}],"collection":[{"href":"https:\/\/imanconsulting.fi\/index.php?rest_route=\/wp\/v2\/pages"}],"about":[{"href":"https:\/\/imanconsulting.fi\/index.php?rest_route=\/wp\/v2\/types\/page"}],"author":[{"embeddable":true,"href":"https:\/\/imanconsulting.fi\/index.php?rest_route=\/wp\/v2\/users\/1"}],"replies":[{"embeddable":true,"href":"https:\/\/imanconsulting.fi\/index.php?rest_route=%2Fwp%2Fv2%2Fcomments&post=53"}],"version-history":[{"count":14,"href":"https:\/\/imanconsulting.fi\/index.php?rest_route=\/wp\/v2\/pages\/53\/revisions"}],"predecessor-version":[{"id":256,"href":"https:\/\/imanconsulting.fi\/index.php?rest_route=\/wp\/v2\/pages\/53\/revisions\/256"}],"wp:attachment":[{"href":"https:\/\/imanconsulting.fi\/index.php?rest_route=%2Fwp%2Fv2%2Fmedia&parent=53"}],"curies":[{"name":"wp","href":"https:\/\/api.w.org\/{rel}","templated":true}]}}