{"id":51,"date":"2025-10-04T05:07:59","date_gmt":"2025-10-04T05:07:59","guid":{"rendered":"https:\/\/imanconsulting.fi\/?page_id=51"},"modified":"2025-10-06T04:01:17","modified_gmt":"2025-10-06T04:01:17","slug":"palvelut","status":"publish","type":"page","link":"https:\/\/imanconsulting.fi\/?page_id=51","title":{"rendered":"Palvelut"},"content":{"rendered":"\n<div class=\"wp-block-group alignfull has-white-background-color has-background is-layout-constrained wp-block-group-is-layout-constrained\" style=\"padding-top:7rem;padding-bottom:7rem\">\n<p class=\"has-text-align-center has-black-color has-text-color has-link-color wp-elements-13476000fe733e5425627c910b7416d4\" style=\"margin-bottom:20px;font-style:normal;font-weight:500\">I am going to N<\/p>\n\n\n\n<h1 class=\"wp-block-heading has-text-align-center has-black-color has-text-color has-link-color has-xx-large-font-size wp-elements-2d52ac16c3c75b94cd097998ca14995e\" style=\"margin-top:0;font-style:normal;font-weight:800;line-height:1.2\">Palvelut<\/h1>\n\n\n\n<div class=\"wp-block-columns is-layout-flex wp-container-core-columns-is-layout-643ced6b wp-block-columns-is-layout-flex\">\n<div class=\"wp-block-column has-border-color is-layout-flow wp-block-column-is-layout-flow\" style=\"border-color:#0000001f;border-style:solid;border-width:1px;border-radius:20px;padding-top:var(--wp--preset--spacing--70);padding-right:var(--wp--preset--spacing--70);padding-bottom:var(--wp--preset--spacing--70);padding-left:var(--wp--preset--spacing--70)\">\n<h1 class=\"wp-block-heading has-text-align-center has-black-color has-text-color has-link-color wp-elements-84d7dd1b3e4f8db2eb0f3be1c53c1022\" style=\"margin-bottom:20px;font-size:clamp(16.293px, 1.018rem + ((1vw - 3.2px) * 0.68), 25px);\">Business Design<\/h1>\n\n\n\n<p class=\"has-text-align-center has-black-color has-text-color has-link-color wp-elements-9e526d9181078150f7d7a54d079300f5\" style=\"border-bottom-color:#0000001f;border-bottom-style:solid;border-bottom-width:1px;margin-bottom:50px;padding-bottom:50px\">Mallinnetaan liiketoimintasi selke\u00e4ksi, yhteist\u00e4 ymm\u00e4rryst\u00e4 kasvattavaksi visualisaatioksi.<\/p>\n\n\n\n<ul style=\"margin-bottom:50px\" class=\"wp-block-list has-black-color has-text-color has-link-color wp-elements-83174cab03493ace55b71cbca3b350ba\">\n<li>Yhteinen ymm\u00e4rrys on avain paremmalle p\u00e4\u00e4t\u00f6ksenteolle ja kehitt\u00e4misen kivijalka<br><\/li>\n\n\n\n<li>Nopeasti hy\u00f6dynnett\u00e4vi\u00e4 tuloksia<br><\/li>\n\n\n\n<li>Selke\u00e4 hinnoittelu, <strong>1990\u20ac-2590\u20ac<\/strong><br><\/li>\n<\/ul>\n\n\n\n<div class=\"wp-block-buttons is-layout-flex wp-block-buttons-is-layout-flex\" style=\"margin-bottom:40px\">\n<div class=\"wp-block-button has-custom-width wp-block-button__width-100\"><a class=\"wp-block-button__link has-palette-color-4-background-color has-background has-custom-font-size wp-element-button\" href=\"https:\/\/imanconsulting.fi\/?page_id=15\" style=\"border-radius:8px;padding-top:15px;padding-bottom:15px;font-size:clamp(14px, 0.875rem + ((1vw - 3.2px) * 0.313), 18px);font-style:normal;font-weight:600\">Lue lis\u00e4\u00e4<\/a><\/div>\n<\/div>\n\n\n\n<p class=\"has-text-align-center has-black-color has-text-color has-link-color wp-elements-31ef8a46bf82daa30dab4b6adf99fd54\"><\/p>\n<\/div>\n\n\n\n<div class=\"wp-block-column has-background is-layout-flow wp-block-column-is-layout-flow\" style=\"border-radius:20px;background-color:#f1f1f1;padding-top:var(--wp--preset--spacing--70);padding-right:var(--wp--preset--spacing--70);padding-bottom:var(--wp--preset--spacing--70);padding-left:var(--wp--preset--spacing--70)\">\n<h2 class=\"wp-block-heading has-text-align-center has-black-color has-text-color has-link-color wp-elements-2228af0dac740ada8b760064a5cd99d1\" style=\"margin-bottom:20px;font-size:clamp(16.293px, 1.018rem + ((1vw - 3.2px) * 0.68), 25px);\">AI &#8211; PoC<\/h2>\n\n\n\n<p class=\"has-text-align-center has-black-color has-text-color has-link-color wp-elements-a6c05b159f101bdc4f13a7e8d1d5e6ac\" style=\"border-bottom-color:#0000001f;border-bottom-style:solid;border-bottom-width:1px;margin-bottom:50px;padding-bottom:50px\">Muutetaan teko\u00e4lyaiheinen ideasi nopeasti kokeiltavaksi innovaatioksi.<br>Ilman kustannusriski\u00e4.<\/p>\n\n\n\n<ul style=\"margin-bottom:50px\" class=\"wp-block-list has-black-color has-text-color has-link-color wp-elements-a5156688738d58e2998f1447e376003f\">\n<li>Nopea tapa jalostaa ja testata ideaasi<br><\/li>\n\n\n\n<li>Kustannusarvio pit\u00e4\u00e4, eik\u00e4 karkaa sovitusta<br><\/li>\n\n\n\n<li>Selke\u00e4 hinnoittelu, <strong>2490-4590\u20ac<\/strong><\/li>\n<\/ul>\n\n\n\n<div class=\"wp-block-buttons is-layout-flex wp-block-buttons-is-layout-flex\" style=\"margin-bottom:40px\">\n<div class=\"wp-block-button has-custom-width wp-block-button__width-100\"><a class=\"wp-block-button__link has-palette-color-4-background-color has-background has-custom-font-size wp-element-button\" href=\"https:\/\/imanconsulting.fi\/?page_id=2\" style=\"border-radius:8px;padding-top:15px;padding-bottom:15px;font-size:clamp(14px, 0.875rem + ((1vw - 3.2px) * 0.313), 18px);font-style:normal;font-weight:600\">Lue lis\u00e4\u00e4<\/a><\/div>\n<\/div>\n\n\n\n<p class=\"has-text-align-center has-black-color has-text-color has-link-color wp-elements-31ef8a46bf82daa30dab4b6adf99fd54\"><\/p>\n<\/div>\n\n\n\n<div class=\"wp-block-column has-border-color is-layout-flow wp-block-column-is-layout-flow\" style=\"border-color:#0000001f;border-style:solid;border-width:1px;border-radius:20px;padding-top:var(--wp--preset--spacing--70);padding-right:var(--wp--preset--spacing--70);padding-bottom:var(--wp--preset--spacing--70);padding-left:var(--wp--preset--spacing--70)\">\n<h2 class=\"wp-block-heading has-text-align-center has-black-color has-text-color has-link-color wp-elements-44714c4cac1fd957ffa1eea2480c2e7a\" style=\"margin-bottom:20px;font-size:clamp(16.293px, 1.018rem + ((1vw - 3.2px) * 0.68), 25px);\">Asiantuntijapalvelut<\/h2>\n\n\n\n<p class=\"has-text-align-center has-black-color has-text-color has-link-color wp-elements-b9af7bae055beabc020f5e2206c45f81\" style=\"border-bottom-color:#0000001f;border-bottom-style:solid;border-bottom-width:1px;margin-bottom:50px;padding-bottom:50px\">Kaipaatko projektiisi asiantuntijaa joka ei ep\u00e4r\u00f6i upottaa k\u00e4si\u00e4\u00e4n saveen? <br>Ota yhteytt\u00e4!<\/p>\n\n\n\n<ul style=\"margin-bottom:50px\" class=\"wp-block-list has-black-color has-text-color has-link-color wp-elements-2dd3d3b4dd04984d7871de839f41ce4a\">\n<li>Asiantuntija joka ei pelk\u00e4\u00e4 tarttua k\u00e4yt\u00e4nn\u00f6n toimiin<br><\/li>\n\n\n\n<li>Monipuolinen osaaminen hy\u00f6dynnett\u00e4viss\u00e4si<br><\/li>\n\n\n\n<li>Korvaus sovitaan tapauskohtaisesti<\/li>\n<\/ul>\n\n\n\n<div class=\"wp-block-buttons is-layout-flex wp-block-buttons-is-layout-flex\" style=\"margin-bottom:40px\">\n<div class=\"wp-block-button has-custom-width wp-block-button__width-100\"><a class=\"wp-block-button__link has-palette-color-4-background-color has-background has-custom-font-size wp-element-button\" href=\"https:\/\/imanconsulting.fi\/?page_id=21\" style=\"border-radius:8px;padding-top:15px;padding-bottom:15px;font-size:clamp(14px, 0.875rem + ((1vw - 3.2px) * 0.313), 18px);font-style:normal;font-weight:600\">Lue lis\u00e4\u00e4<\/a><\/div>\n<\/div>\n\n\n\n<p class=\"has-text-align-center has-black-color has-text-color has-link-color wp-elements-31ef8a46bf82daa30dab4b6adf99fd54\"><\/p>\n<\/div>\n<\/div>\n\n\n\n<p><\/p>\n<\/div>\n","protected":false},"excerpt":{"rendered":"<p>I am going to N Palvelut Business Design Mallinnetaan liiketoimintasi selke\u00e4ksi, yhteist\u00e4 ymm\u00e4rryst\u00e4 kasvattavaksi visualisaatioksi. AI &#8211; PoC Muutetaan teko\u00e4lyaiheinen ideasi nopeasti kokeiltavaksi innovaatioksi.Ilman kustannusriski\u00e4. Asiantuntijapalvelut Kaipaatko projektiisi asiantuntijaa joka ei ep\u00e4r\u00f6i upottaa k\u00e4si\u00e4\u00e4n saveen? Ota yhteytt\u00e4!<\/p>\n","protected":false},"author":1,"featured_media":0,"parent":0,"menu_order":0,"comment_status":"closed","ping_status":"closed","template":"","meta":{"footnotes":""},"class_list":["post-51","page","type-page","status-publish","hentry"],"blocksy_meta":{"vertical_spacing_source":"inherit","content_style_source":"inherit","styles_descriptor":{"styles":{"desktop":"","tablet":"","mobile":""},"google_fonts":[],"version":6}},"_links":{"self":[{"href":"https:\/\/imanconsulting.fi\/index.php?rest_route=\/wp\/v2\/pages\/51","targetHints":{"allow":["GET"]}}],"collection":[{"href":"https:\/\/imanconsulting.fi\/index.php?rest_route=\/wp\/v2\/pages"}],"about":[{"href":"https:\/\/imanconsulting.fi\/index.php?rest_route=\/wp\/v2\/types\/page"}],"author":[{"embeddable":true,"href":"https:\/\/imanconsulting.fi\/index.php?rest_route=\/wp\/v2\/users\/1"}],"replies":[{"embeddable":true,"href":"https:\/\/imanconsulting.fi\/index.php?rest_route=%2Fwp%2Fv2%2Fcomments&post=51"}],"version-history":[{"count":22,"href":"https:\/\/imanconsulting.fi\/index.php?rest_route=\/wp\/v2\/pages\/51\/revisions"}],"predecessor-version":[{"id":356,"href":"https:\/\/imanconsulting.fi\/index.php?rest_route=\/wp\/v2\/pages\/51\/revisions\/356"}],"wp:attachment":[{"href":"https:\/\/imanconsulting.fi\/index.php?rest_route=%2Fwp%2Fv2%2Fmedia&parent=51"}],"curies":[{"name":"wp","href":"https:\/\/api.w.org\/{rel}","templated":true}]}}