{"id":211,"date":"2025-10-05T05:10:25","date_gmt":"2025-10-05T05:10:25","guid":{"rendered":"https:\/\/imanconsulting.fi\/?page_id=211"},"modified":"2025-10-05T08:10:14","modified_gmt":"2025-10-05T08:10:14","slug":"business-desing-startti","status":"publish","type":"page","link":"https:\/\/imanconsulting.fi\/?page_id=211","title":{"rendered":"Business Desing &#8211; Startti"},"content":{"rendered":"\n<h2 class=\"wp-block-heading\">Business Desing &#8211; Startti<\/h2>\n\n\n\n<p><strong>Tavoite:<\/strong> saada ensimm\u00e4inen toimiva malli nopeasti n\u00e4kyviin ja k\u00e4ytt\u00f6\u00f6n \u2013 selke\u00e4sti visualisoituna.<\/p>\n\n\n\n<hr class=\"wp-block-separator has-alpha-channel-opacity\"\/>\n\n\n\n<h3 class=\"wp-block-heading\">Toimintamalli<\/h3>\n\n\n\n<p><strong>1.) Tavoitteen asettelu ja mallinnuksen suunnittelu<\/strong><\/p>\n\n\n\n<ul class=\"wp-block-list\">\n<li>M\u00e4\u00e4ritell\u00e4\u00e4n mallinnuksen <strong>tavoitteet<\/strong> ja rajaus.<\/li>\n\n\n\n<li>Sovitaan <strong>osat<\/strong>, joista aloitetaan (prioriteetit).<\/li>\n\n\n\n<li>Kootaan <strong>projektiryhm\u00e4<\/strong> ja roolit.<\/li>\n\n\n\n<li>Aikataulutetaan <strong>mallinnussessiot<\/strong> ja sovitaan pelis\u00e4\u00e4nn\u00f6t palautteelle.<\/li>\n<\/ul>\n\n\n\n<p><strong>2) Mallintaminen iteratiivisesti<\/strong><\/p>\n\n\n\n<ul class=\"wp-block-list\">\n<li><strong>Iteratiivisuus:<\/strong> ty\u00f6stet\u00e4\u00e4n osa-alue kerrallaan.<\/li>\n\n\n\n<li><strong>Ty\u00f6skentelytapa:<\/strong> noin <strong>60 min<\/strong> mallinnussessiot asiantuntijan ja asiakkaan edustajan kesken.<\/li>\n\n\n\n<li>Tyypillinen runko: <strong>Kickoff \u2192 Sprintti 1 \u2192 Sprintti 2 \u2192 Yhteenveto &amp; Koonti<\/strong>.<\/li>\n\n\n\n<li><strong>V\u00e4lit\u00f6n palaute:<\/strong> kommentit ker\u00e4t\u00e4\u00e4n suoraan session aikana ja vied\u00e4\u00e4n heti seuraavaan iteraatioon.<\/li>\n\n\n\n<li>Tuotokset kehittyv\u00e4t kierros kierrokselta kohti julkaisuvalmista visualisointia.<\/li>\n<\/ul>\n\n\n\n<p><strong>3) Viimeistely ja luovutus<\/strong><\/p>\n\n\n\n<ul class=\"wp-block-list\">\n<li><strong>Viimeistely:<\/strong> v\u00e4rit, tekstit ja rakenne hiotaan julkaisuvalmiiksi.<\/li>\n\n\n\n<li>Tarkistetaan, ett\u00e4 malli vastaa m\u00e4\u00e4riteltyj\u00e4 <strong>tavoitteita<\/strong>.<\/li>\n\n\n\n<li><strong>Luovutus:<\/strong> toimitetaan lopputulos sek\u00e4 lyhyt koonti p\u00e4\u00e4t\u00f6ksist\u00e4 ja suosituksista jatkoon.<\/li>\n<\/ul>\n\n\n\n<hr class=\"wp-block-separator has-alpha-channel-opacity\"\/>\n\n\n\n<h2 class=\"wp-block-heading\">Edellytykset asiakkaalta<\/h2>\n\n\n\n<ul class=\"wp-block-list\">\n<li>Yhteyshenkil\u00f6, joka osallistuu Kickoff:iin, sprintteihin ja p\u00e4\u00e4t\u00f6ksiin.<\/li>\n<\/ul>\n\n\n\n<hr class=\"wp-block-separator has-alpha-channel-opacity\"\/>\n\n\n\n<h2 class=\"wp-block-heading\">Hinnoittelu<\/h2>\n\n\n\n<p>Hinnoittelu riippuu kehitysprinttien m\u00e4\u00e4r\u00e4st\u00e4.<\/p>\n\n\n\n<ul class=\"wp-block-list\">\n<li>Kaksi kehityssprintti\u00e4 1990 \u20ac<\/li>\n\n\n\n<li>Kolme kehityssprintti\u00e4 2290 \u20ac<\/li>\n\n\n\n<li>Nelj\u00e4 kehityssprintti\u00e4 2590 \u20ac<\/li>\n<\/ul>\n\n\n\n<p><strong>100% tyytyv\u00e4isyys takuu:<\/strong> Mik\u00e4li asiakas ei ole tyytyv\u00e4inen starttipaketin tuotoksiin, asiakasta ei laskuteta.<\/p>\n\n\n\n<p>Hintoihin lis\u00e4t\u00e4\u00e4n alv.25.5%.<\/p>\n\n\n\n<p><\/p>\n","protected":false},"excerpt":{"rendered":"<p>Business Desing &#8211; Startti Tavoite: saada ensimm\u00e4inen toimiva malli nopeasti n\u00e4kyviin ja k\u00e4ytt\u00f6\u00f6n \u2013 selke\u00e4sti visualisoituna. Toimintamalli 1.) Tavoitteen asettelu ja mallinnuksen suunnittelu 2) Mallintaminen iteratiivisesti 3) Viimeistely ja luovutus Edellytykset asiakkaalta Hinnoittelu Hinnoittelu riippuu kehitysprinttien m\u00e4\u00e4r\u00e4st\u00e4. 100% tyytyv\u00e4isyys takuu: Mik\u00e4li asiakas ei ole tyytyv\u00e4inen starttipaketin tuotoksiin, asiakasta ei laskuteta. Hintoihin lis\u00e4t\u00e4\u00e4n alv.25.5%.<\/p>\n","protected":false},"author":1,"featured_media":0,"parent":0,"menu_order":0,"comment_status":"closed","ping_status":"closed","template":"","meta":{"footnotes":""},"class_list":["post-211","page","type-page","status-publish","hentry"],"blocksy_meta":[],"_links":{"self":[{"href":"https:\/\/imanconsulting.fi\/index.php?rest_route=\/wp\/v2\/pages\/211","targetHints":{"allow":["GET"]}}],"collection":[{"href":"https:\/\/imanconsulting.fi\/index.php?rest_route=\/wp\/v2\/pages"}],"about":[{"href":"https:\/\/imanconsulting.fi\/index.php?rest_route=\/wp\/v2\/types\/page"}],"author":[{"embeddable":true,"href":"https:\/\/imanconsulting.fi\/index.php?rest_route=\/wp\/v2\/users\/1"}],"replies":[{"embeddable":true,"href":"https:\/\/imanconsulting.fi\/index.php?rest_route=%2Fwp%2Fv2%2Fcomments&post=211"}],"version-history":[{"count":9,"href":"https:\/\/imanconsulting.fi\/index.php?rest_route=\/wp\/v2\/pages\/211\/revisions"}],"predecessor-version":[{"id":273,"href":"https:\/\/imanconsulting.fi\/index.php?rest_route=\/wp\/v2\/pages\/211\/revisions\/273"}],"wp:attachment":[{"href":"https:\/\/imanconsulting.fi\/index.php?rest_route=%2Fwp%2Fv2%2Fmedia&parent=211"}],"curies":[{"name":"wp","href":"https:\/\/api.w.org\/{rel}","templated":true}]}}